inder when 103 is divided by z?
7
Suppose 6*q - 57 = 5*q. What is the remainder when q is divided by 13?
5
Let f be 2/((-3)/((-6)/4)). Suppose 4 - 8 = 4*b. What is the remainder when 30 is divided by (-2)/((f/4)/b)?
6
Let d(k) = -k**2 - 5*k - 1. Let x be d(-2). Let n(g) = 8 - 2*g**2 + 0*g**2 + g**2 - x*g. What is the remainder when 5 is divided by n(-6)?
1
Let x(i) = 8*i. Let q be x(2). Suppose -q = -5*j + 29. What is the remainder when j is divided by 5?
4
Let y(r) = 5*r + 0*r + 22*r + 4. Calculate the remainder when y(2) is divided by 20.
18
Suppose 0 = -d + 8 + 6. Calculate the remainder when 68 is divided by d.
12
Let q(n) = -3*n - 14. What is the remainder when 25 is divided by q(-8)?
5
Suppose -2*h - 3*h = -5. Let d(n) = 33*n**3 + n**2 - 3*n + 2. Calculate the remainder when d(h) is divided by 12.
9
Suppose h = 2*p + 4*h - 20, -5*p - 4*h + 36 = 0. Suppose n = 5*y - 433 + 159, 0 = -p*y - 2*n + 222. What is the remainder when y is divided by 19?
17
Let m(n) = 2*n**3 - 14*n**2 + 7*n - 6. What is the remainder when m(7) is divided by 15?
13
Let k(m) = 10*m**3 + m**2 - 2*m + 1. Let h be k(1). Let r = 5 - h. Let c(o) = o**2 + 3*o - 2. Calculate the remainder when 22 is divided by c(r).
6
Suppose 0*c + 7 = -3*s + 5*c, -5*c = s - 31. Let x = -2 - -5. Calculate the remainder when s is divided by x.
0
Let c = -10 - -17. Let t(h) be the third derivative of h**5/60 - 5*h**4/12 + 4*h**3/3 - 3*h**2. What is the remainder when t(11) is divided by c?
5
Suppose -20 = 2*i + 42. Let q = i - -44. Calculate the remainder when 23 is divided by q.
10
Let g be (8/20)/((-1)/(-10)). Suppose 0 = g*c - p - 175, -19 = -c + 5*p + 1. Calculate the remainder when c is divided by 23.
22
Suppose 5*x = 101 + 54. What is the remainder when x is divided by 4?
3
What is the remainder when 94 is divided by 456/32*(-8)/(-6)?
18
Let n(q) = -q**3 - 12*q**2 - 11*q + 12. Let l be n(-11). Calculate the remainder when 3/l + (-57)/(-12) is divided by 4.
1
Let s be 2/8 + 6/8. Let y = s + 3. Suppose -2 - y = -3*b. Calculate the remainder when b is divided by 2.
0
Let o(f) = f**2 - 8*f - 5. Let b be o(9). Let w be (b/(-2))/(-3 + 2). Suppose -50 = -3*h - w*h. Calculate the remainder when 27 is divided by h.
7
Let f(h) = 4*h - 2. Calculate the remainder when 5 is divided by f(1).
1
What is the remainder when (-12)/18 - 537/(-9) is divided by 12?
11
Let f(l) = l**3 - 2*l**2 - 8*l + 17. What is the remainder when f(6) is divided by 39?
35
Suppose 0 = -10*j - 157 + 547. What is the remainder when j is divided by 1/3 + 58/6?
9
Let j = -8 - -11. Suppose 0 = j*f + 3*z + 3, z = 4*f + 3*z - 4. Calculate the remainder when (116/6)/(2/f) is divided by 10.
9
Let g(s) = s**2 - 11*s + 14. Let t be g(10). Suppose 2*n = t + 22. Calculate the remainder when 37 is divided by n.
11
Let a = 31 + 87. What is the remainder when a is divided by 24?
22
Let o(x) = 5*x**2. What is the remainder when o(2) is divided by (-16)/88 + (-123)/(-11)?
9
Let r(w) = 2 + 4*w - 2. Let n = -10 + 13. Calculate the remainder when 34 is divided by r(n).
10
Let k = 2 - -1. Let p(f) = f**2 - 14*f + 8. Let d(y) = -y + 1. Let s(m) = 6*d(m) - p(m). What is the remainder when s(k) is divided by 7?
6
Suppose 0 = -8*a + 3*a + 260. Let h = 19 + -34. Let m = a + h. Calculate the remainder when m is divided by 10.
7
Suppose 38 = 3*t + 2*w + 3*w, t - 2*w = -2. What is the remainder when 29 is divided by t?
5
Let o(i) = -i**3 - 13*i**2 - 13*i + 5. What is the remainder when o(-12) is divided by 6?
5
Suppose -t + 2*t = 0. Suppose t = -4*m + m + 18. Calculate the remainder when 11 is divided by m.
5
Suppose 4*t + 0*t = 12, 4*t + 108 = 5*j. Calculate the remainder when j is divided by 13.
11
Let a = 3 + 0. Suppose -a*l = 5*m - 10, 0 = m + 3*l + 7 + 3. What is the remainder when 47 is divided by -20*(1/m - 1)?
15
Let h = 71 - 68. Suppose 2*o - 5*o = 18. Let w = 8 + o. What is the remainder when h is divided by w?
1
Let y = 6 - 3. Suppose -4*o = x + o - 8, -y*x + 8 = -o. What is the remainder when 10 is divided by x?
1
Suppose -h + 39 = -3*o, -4*h + 34 + 138 = 4*o. Suppose 0 = -2*i + 4*i + h. Let f = -8 - i. What is the remainder when f is divided by 5?
3
Let v = 88 + -42. Calculate the remainder when 87 is divided by v.
41
Let r(j) = 52*j**3 - 1. Let p(v) = -v**3 - 5*v**2 - 5*v - 3. Let z be p(-4). Calculate the remainder when r(z) is divided by 18.
15
Let t = -2 - -7. Let c = t + 0. Calculate the remainder when 12 is divided by c.
2
Suppose -3*r + 5*r = 0, 0 = 5*i - 2*r - 115. What is the remainder when i is divided by 9?
5
Let t = -37 - -55. Calculate the remainder when 53 - (2/(-10) - (-10)/50) is divided by t.
17
What is the remainder when (-3)/(3 + 12) + (-122)/(-10) is divided by 4?
0
Suppose 2*k = 5*k - 12. Suppose 0 = -f + 2 + 2. Suppose -u + 0 = -3*i + 12, -24 = -4*i + f*u. What is the remainder when k is divided by i?
1
Suppose 2*n = 3*n - 4. Suppose -5*f + 47 - 13 = v, 4*f + 2*v - 26 = 0. What is the remainder when f is divided by n?
3
Suppose -4*k = 42 - 318. Calculate the remainder when k is divided by 8.
5
Suppose 0 = -5*v, -o + 4*o = 2*v + 12. Let h be 1 + (-1 + 0 - 1). Let z = h - -8. Calculate the remainder when z is divided by o.
3
Let q(c) = -2*c. Suppose -m = 4*m. Let k be (3 + m)*(-7)/3. Calculate the remainder when 27 is divided by q(k).
13
Let o = 6 + 12. What is the remainder when 33 is divided by o?
15
Suppose i = 3*j + 2 - 133, -4*j + 5*i = -193. Let p = -1 + 3. Suppose -3*z + z + 19 = 5*x, -5*x - 69 = -p*z. Calculate the remainder when j is divided by z.
20
Let g(i) = -3 + 2*i + 5*i - 4*i**2 + 3*i**2 - 3*i. Let v be g(3). Suppose -3*c + 3 + v = 0. What is the remainder when 1 is divided by c?
0
Suppose -j + 0*j - k = 54, 0 = j + 2*k + 57. Let a = j - -106. What is the remainder when a is divided by 19?
17
Let n(w) be the third derivative of -w**4/3 - 5*w**3/3 + 7*w**2. Calculate the remainder when n(-9) is divided by 21.
20
Suppose 2*w - 10 = -3*w. Suppose h - w = -0*h. Suppose 0 = i - 5 - h. What is the remainder when 13 is divided by i?
6
Suppose -24 = -4*y + 36. Calculate the remainder when y is divided by 4.
3
Let l be 2/(-6) + 34/(-6). Suppose 2*u + u + 39 = 0. Let n = l - u. What is the remainder when 20 is divided by n?
6
Let v = -135 + 154. What is the remainder when v is divided by 12?
7
Let r(u) be the third derivative of -u**5/60 + 3*u**4/8 - 4*u**3/3 - 2*u**2. Calculate the remainder when 10 is divided by r(7).
4
Let w = 63 - 60. What is the remainder when 10 is divided by w?
1
Let u(q) = 31*q**2 + q. Let p be u(-2). Suppose 6*a = -s + 2*a + 62, -3*s + p = -4*a. What is the remainder when s is divided by 12?
10
Suppose 9*j - j - 16 = 0. Suppose -b - 2 = b. Let v(f) = f**2 - f. Calculate the remainder when v(b) is divided by j.
0
Let r = 93 + -71. What is the remainder when 65 is divided by r?
21
Suppose -6 = 5*o - 1, 3*o - 117 = -3*q. What is the remainder when q is divided by 21?
19
Let y be 0 - (-2 - -3 - 8). Suppose 0 = 2*b - y*b. Suppose 22 = 5*v - 3*m, -2*m = -b - 2. What is the remainder when v is divided by 2?
1
Suppose -5*d - 68 = -28. Let j = 15 + d. Calculate the remainder when 19 is divided by j.
5
Let u(o) = -3*o - 5. Suppose 2*c = -3*c + 2*q - 16, q + 6 = -c. Suppose 0 = w - 3*l - 32, w + 5*l - 16 = 4*l. What is the remainder when w is divided by u(c)?
6
Let v = 2 + 4. What is the remainder when 23 is divided by v?
5
Suppose 0 = y - 2*y. Suppose -4*p = -8 - 20. What is the remainder when (-45)/(-3) + (y - 2) is divided by p?
6
What is the remainder when 134/5 + (-4)/(-20) is divided by 5?
2
Suppose -5*i + 0*i = -40. What is the remainder when 14 is divided by i?
6
Suppose 20 + 19 = j. Suppose -s - 2*s = -k - j, 30 = 3*s - 4*k. Calculate the remainder when (-4)/(-14)*s/2 is divided by 1.
0
Suppose 2*b + 3*b - 3*y - 108 = 0, -b = -5*y - 4. What is the remainder when 70 is divided by b?
22
Suppose -5*t + k + 29 = 0, -t - 4*k = 4*t - 9. Suppose -t*z = -6*z + 14. Let s(o) = 8*o - 8. What is the remainder when s(6) is divided by z?
12
Let l = 11 + -4. Let z be (-12 + 1 - 0) + 3. Let w = 12 + z. What is the remainder when l is divided by w?
3
Let r(a) = a**3 + 8*a**2 + 4*a - 5. Suppose -5*i = -0*i + 65. Calculate the remainder when r(-6) is divided by 15/(-12)*(i - -1).
13
Let o = 3 + -1. Suppose 